
False
Let q = -13 + 11. Let j(f) = -1 + 0*f - f**3 + 2*f + 0*f. Is j(q) prime?
True
Suppose 2 = 2*t + 2*s, -3*s = -3*t - t + 18. Suppose -3*p - 4*x = -195 - 272, p - 134 = t*x. Is p composite?
False
Let u = 121 - 62. Suppose 172 + u = 3*v. Is v a prime number?
False
Suppose 5*c - c - 2*j - 8414 = 0, -c + 2116 = -3*j. Suppose 0 = 3*z - 4*b - 0*b - 1269, -5*z + c = -2*b. Is z prime?
True
Let w = 59 + -4. Is w prime?
False
Let c = -88 + 164. Is -3*(3 - c/3) composite?
False
Let h(q) = -2*q. Let x be h(8). Is 596/x*-1*4 prime?
True
Let u(c) = 9*c**2. Let b be u(-1). Let w be (-9)/12*(1 - b). Let n(g) = 3*g**2 + g - 1. Is n(w) a composite number?
False
Is 2/(-3) + 15044/12 composite?
True
Let z(l) = l - 4. Suppose -c + 36 = 3*c + t, 4*c - 4*t = 16. Let d be z(c). Is (-1275)/(-27) - d/18 a composite number?
False
Suppose 3*m = 2*d + 10, -3*m + 5*d = -1 - 6. Let j be 1/4 + (-3)/12. Suppose 3*v - 14 = v - m*g, -5*v - 5*g + 45 = j. Is v composite?
False
Suppose 0 = 4*h - 3*x - 2533, -18 + 1286 = 2*h - 2*x. Is h a prime number?
True
Let r = -15 - -11. Let u(g) = 2*g**2 - 1 - 3 + 2*g + 6 - 5. Is u(r) a prime number?
False
Let y(n) be the third derivative of n**4/24 - 3*n**3/2 + 2*n**2. Let m be y(9). Suppose m = 2*j - 5*o + 1, 2 = 4*j - 2*j - 2*o. Is j prime?
True
Suppose 20 = x + 4*x. Let l be (-340)/(-6) + x/(-6). Suppose 5*u = l + 99. Is u composite?
False
Let h = 3 - -3. Suppose -h*j + 4*j = 2*r - 184, j = -3*r + 286. Is r a prime number?
True
Suppose 4*h = 2*t - 20, -t + 3*h + 0*h = -13. Is t prime?
False
Let o = 13 - 9. Is 40/2 - (-4)/o composite?
True
Let q = 903 - 524. Is q composite?
False
Let m be -1*(-62 + -2 + 1). Suppose 0*g = 2*g - 6. Suppose g*z - 330 = -m. Is z prime?
True
Suppose 4*k - 8 = 8. Suppose -o + 27 = -k*y, 0*y - 5*y = -4*o + 97. Is o a prime number?
True
Let b(q) = 210*q**2 + q. Is b(1) a prime number?
True
Let j(z) = 40*z + 11. Is j(8) composite?
False
Suppose -456 = -2*q - 0*q. Let i be q*6/9 - 1. Suppose i = 3*l - 4*v, 3*v = 5*l + v - 247. Is l a prime number?
False
Let n be -1*0/(-1 - -2). Suppose 1090 = 5*z - z + 2*u, -5*z + u + 1380 = n. Suppose -a + z = 5*s + 4*a, -112 = -2*s - 3*a. Is s composite?
False
Suppose 660 = 5*i + 175. Is i composite?
False
Suppose -5*f = -2*o - 1068, 0*f + f - 2*o = 212. Let g = -135 + f. Is g prime?
True
Is (-2102 + 1)*(-4)/4 a composite number?
True
Let r = -8 - -11. Suppose -2*t - r = -3*t. Let o(k) = 11*k + 4. Is o(t) a prime number?
True
Let a = -33 + 23. Let v = -8 - a. Suppose -273 = -v*j - j. Is j prime?
False
Let k = -22 + 8. Is (-3 + 9)*k/(-6) composite?
True
Let g(p) = -p**3 - 6*p**2 + p + 6. Let a be g(-6). Let y(c) be the second derivative of c**3/6 + 15*c**2/2 + c. Is y(a) a prime number?
False
Suppose -t = -11 + 3. Let o = t + -6. Suppose -o*x - 119 = -645. Is x a prime number?
True
Suppose m + 0*g - 5 = -g, -4*g - 4 = -4*m. Suppose m*w + w = 452. Is w prime?
True
Let m(b) = -b**3 - b**2 + b. Let t be m(-2). Suppose -98 = -2*l - 2*i, 3*i = -t*l + 5*i + 86. Is l a composite number?
True
Suppose 1 = -m - 1. Let a = m - -5. Suppose 0*h + h = a. Is h prime?
True
Let x be 0*(-4)/16 - -2. Suppose h = x*d + 321, -3*h + d = -6*h + 998. Is h a composite number?
False
Suppose b = 3*u - 7 - 0, -u + 4*b = -6. Let h(j) = 2*j**u + 0 + 8*j + 1 + 2. Is h(-5) a prime number?
True
Is ((-7)/(28/12))/(6/(-1030)) a prime number?
False
Let x be (-1366)/9 - (-2)/(-9). Suppose 0 = -2*o + 4, -4*f + 0*o - 4*o = 1172. Let r = x - f. Is r prime?
False
Suppose -9 = 3*n - 24. Suppose -3*v = -4*v + 34. Suppose -x - v = -2*b + 3*x, x + 94 = n*b. Is b composite?
False
Let b(p) = -2*p**3 - 4*p**2 - 5*p - p + 3*p**3 + 1. Is b(6) a prime number?
True
Suppose 5*o = 40 + 105. Suppose -o - 76 = -3*a. Is a composite?
True
Let d = 49 - 28. Suppose -5*c + 2*c = -d. Is (-2)/c + 471/7 a composite number?
False
Let m = 61 + 2112. Is m prime?
False
Let v = -1575 + 3179. Is (-2)/9 + v/9 prime?
False
Let x be 2/((6/17)/3). Suppose -5*r - 28 = -4*j, x + 11 = j + 4*r. Suppose -c + 2*h = -j, 27 = -0*c + 2*c - 5*h. Is c prime?
False
Let o(z) = -4*z. Let y be o(-1). Suppose -y*c + 2470 = 690. Is c composite?
True
Let t(k) = 30*k + 7. Is t(16) prime?
True
Let h be 20/(-30) - (-5494)/6. Suppose -m - h = -4*m. Is m a prime number?
False
Let c(n) = 19*n**2 + n + 1. Let l = 8 - 4. Suppose u - 3*q - 3 = -7, l*q - 8 = 0. Is c(u) prime?
True
Let z = 5 + -2. Suppose 8 = z*r + 2. Suppose r*k = -2*k + 16, -32 = -4*w - 5*k. Is w composite?
False
Let m(v) = 50*v**2 + v. Is m(-1) prime?
False
Let r = 25 + 5. Suppose 109 = w + r. Is w composite?
False
Let h be 1 - (-2 + 1 + 138). Let a = -9 + h. Let m = a - -288. Is m a prime number?
False
Let j(d) = d**2 + 6*d. Let o be j(-16). Let p(w) = -w**2 + 8*w + 4. Let a be p(8). Suppose 0 = -a*v + 148 + o. Is v prime?
False
Suppose -3*a = 203 + 28. Let o = a + 112. Is o a composite number?
True
Suppose 0*q + 6 = -3*q. Let x be 0/(0 + -2) - q. Suppose 0*p = -x*p + 28. Is p a composite number?
True
Suppose -4*b = -8 - 8. Suppose -10 = 2*r - b*r. Suppose 0 = -r*p + p + 532. Is p a composite number?
True
Let f be ((-18)/(-7))/((-3)/(-63)). Let q = -35 + f. Is q prime?
True
Let n = -10 - -12. Let b(t) = 5*t - 1. Let z be b(1). Suppose 2*d + n*k = -0*d + 38, -3*k = z*d - 80. Is d a prime number?
True
Let r(s) = -18*s**3 + s**2 + 2*s + 1. Suppose 3*c - 19 = 3*d - 4, 0 = c - 3. Is r(d) prime?
False
Let p = 317 + -60. Is p prime?
True
Suppose 6*j - 147 = 3*j. Let w be ((-32)/3)/((-13)/156). Let i = w - j. Is i a prime number?
True
Suppose -5*t - 3*q + 8215 = -t, 5*q = 5*t - 10260. Is t a composite number?
False
Let v(b) = 2*b**2 - 3*b + 1. Let c be v(2). Suppose -13 = -3*u + 4*o, u + c*o - 9 = -3*u. Is u a composite number?
False
Let x(v) = v**2 + 10*v + 15. Let p be x(-10). Let c(o) = 0*o + p + o**2 - 9 - o + 13. Is c(0) a prime number?
True
Suppose 0 = 3*i - 2*i - 192. Suppose -i = -3*m + 93. Let u = -64 + m. Is u a prime number?
True
Suppose 240 = 4*y - 356. Is y prime?
True
Let u = 523 - 293. Suppose q + 4*q = u. Is q prime?
False
Suppose 0 = 4*g - 4, -2*k + 0*k - 2*g + 160 = 0. Is k a composite number?
False
Let w(t) = -39*t + 2. Let g be w(7). Let d = -77 - g. Suppose -3*s = 4*j - 689, -2*s + 3*j - d = -625. Is s a prime number?
True
Let p(o) = -o**2 - 2*o. Let v be p(-3). Let y be (-7)/v - (-1)/(-3). Is 2/(-1) + 21 + y composite?
True
Let y(j) = 407*j**2 + j - 1. Is y(1) a prime number?
False
Let s(n) = 2*n - 4. Let t be s(4). Suppose -l = 3*d - 82, -t*l + 3*d + 0*d + 313 = 0. Is l prime?
True
Suppose f + 4*b = 36, -b + 6 = 2*b. Suppose 2*k = -f + 144. Is k a composite number?
True
Let y(z) = -3*z**3 + 4*z**2 - 6*z + 7. Let c(f) = -4*f**3 + 3*f**2 - 6*f + 8. Let i(x) = 2*c(x) - 3*y(x). Is i(6) a composite number?
False
Let d(t) = t**3 + 10*t**2 + 5*t + 15. Is d(-7) prime?
True
Let f be -4*-49*3/(-12). Suppose 0 = -q - 11 - 5. Let m = q - f. Is m prime?
False
Let r be 20/(-15)*3*-1. Suppose -y + 430 = r*y. Is y composite?
True
Suppose 0 = 2*o + 2*o - 12. Suppose -5*p + 79 = 4*q, 5*q - 46 = -o*p + 56. Is q composite?
True
Suppose -4*h - y - 5 = -9*h, 5*h + 2*y = -10. Is h + 263 + (1 - -3) composite?
True
Let p(j) = -923*j - 2. Is p(-1) composite?
True
Suppose -4*c - 1 = 3*v - 2*c, 4*c - 4 = 0. Let o(w) = -115*w**3 + w**2 + 2*w + 1. Is o(v) prime?
False
Suppose -a - 5 = 3*i, 2*i - 9 = i - 3*a. Let d(o) = 12*o**2 - 4*o - 1. Is d(i) prime?
False
Let x be (26/3)/(2/(-6)). Let v = -57 + 102. Let y = v + x. Is y composite?
False
Let j(v) = -v**3 - 6*v**2 + 8*v + 10. Let b be j(-7). Suppose x = -c + 84, -c = -b*x - x + 341. Is x prime?
False
Let k = 3746 + 447. Is k prime?
False
Let t(y) = -2*y + 179. Is t(0) prime?
True
Let o = 12 - -10. Is o composite?
True
Let o = 1 - -1. Suppose 2*d + o*j - 20 = -3*j, d = 5*j - 5. Suppose -q + d*s = -12, 5*s = 2*q + 2*s - 38. Is q a prime number?
False
Let j be ((-367)/4)/(3/(-12)). Suppose 2*d - j = 427. Is d a composite number?
False
Let j be 2 + 3/(9/309). Let t = -22 + j. Is t a prime number?
True
Let h(c) = -13*c - 6. Let i(u) = -u. Let v(d) = h(d) - 6*i(d). Is v(-3) a prime number?
False
Is ((-4)/2)/((-6)/1527) a composite number?
False
Let i = -4407 + 8728. Is i prime?
False
Let h be -4 - (1 - 2) - 3. Let y be 1/3 + (-16)/h. Suppose -7*c - 2*v + 470 = -y*c, -v + 4